{"id":2495,"date":"2021-02-05T16:05:37","date_gmt":"2021-02-05T16:05:37","guid":{"rendered":"https:\/\/fireball.ch\/sfwp\/?page_id=2495"},"modified":"2025-11-16T09:39:51","modified_gmt":"2025-11-16T09:39:51","slug":"lizenzen-und-dakumente","status":"publish","type":"page","link":"https:\/\/fireball.ch\/index.php\/regatta\/lizenzen-und-dakumente\/","title":{"rendered":"Lizenzen und Dokumente"},"content":{"rendered":"\t\t<div data-elementor-type=\"wp-page\" data-elementor-id=\"2495\" class=\"elementor elementor-2495\" data-elementor-post-type=\"page\">\n\t\t\t\t\t\t<section class=\"elementor-section elementor-top-section elementor-element elementor-element-b898ef3 elementor-section-full_width elementor-section-stretched elementor-section-height-default elementor-section-height-default\" data-id=\"b898ef3\" data-element_type=\"section\" data-settings=\"{&quot;stretch_section&quot;:&quot;section-stretched&quot;}\">\n\t\t\t\t\t\t<div class=\"elementor-container elementor-column-gap-default\">\n\t\t\t\t\t<div class=\"elementor-column elementor-col-100 elementor-top-column elementor-element elementor-element-6442fd4\" data-id=\"6442fd4\" data-element_type=\"column\">\n\t\t\t<div class=\"elementor-widget-wrap elementor-element-populated\">\n\t\t\t\t\t\t<div class=\"elementor-element elementor-element-8c8b32a elementor-widget elementor-widget-image\" data-id=\"8c8b32a\" data-element_type=\"widget\" data-widget_type=\"image.default\">\n\t\t\t\t<div class=\"elementor-widget-container\">\n\t\t\t\t\t\t\t\t\t\t\t\t\t\t\t<img fetchpriority=\"high\" decoding=\"async\" width=\"2048\" height=\"299\" src=\"https:\/\/fireball.ch\/wp-content\/uploads\/2025\/11\/LIZENZEN-DOKUMENTE-2048x299.jpg\" class=\"attachment-2048x2048 size-2048x2048 wp-image-20407\" alt=\"\" srcset=\"https:\/\/fireball.ch\/wp-content\/uploads\/2025\/11\/LIZENZEN-DOKUMENTE-2048x299.jpg 2048w, https:\/\/fireball.ch\/wp-content\/uploads\/2025\/11\/LIZENZEN-DOKUMENTE-300x44.jpg 300w, https:\/\/fireball.ch\/wp-content\/uploads\/2025\/11\/LIZENZEN-DOKUMENTE-1024x149.jpg 1024w, https:\/\/fireball.ch\/wp-content\/uploads\/2025\/11\/LIZENZEN-DOKUMENTE-768x112.jpg 768w, https:\/\/fireball.ch\/wp-content\/uploads\/2025\/11\/LIZENZEN-DOKUMENTE-1536x224.jpg 1536w\" sizes=\"(max-width: 2048px) 100vw, 2048px\" \/>\t\t\t\t\t\t\t\t\t\t\t\t\t\t\t<\/div>\n\t\t\t\t<\/div>\n\t\t\t\t\t<\/div>\n\t\t<\/div>\n\t\t\t\t\t<\/div>\n\t\t<\/section>\n\t\t\t\t<section class=\"elementor-section elementor-top-section elementor-element elementor-element-b013364 elementor-section-boxed elementor-section-height-default elementor-section-height-default\" data-id=\"b013364\" data-element_type=\"section\">\n\t\t\t\t\t\t<div class=\"elementor-container elementor-column-gap-default\">\n\t\t\t\t\t<div class=\"elementor-column elementor-col-100 elementor-top-column elementor-element elementor-element-ad85c87\" data-id=\"ad85c87\" data-element_type=\"column\">\n\t\t\t<div class=\"elementor-widget-wrap elementor-element-populated\">\n\t\t\t\t\t\t<div class=\"elementor-element elementor-element-6c1c80e elementor-widget elementor-widget-spacer\" data-id=\"6c1c80e\" data-element_type=\"widget\" data-widget_type=\"spacer.default\">\n\t\t\t\t<div class=\"elementor-widget-container\">\n\t\t\t\t\t\t\t<div class=\"elementor-spacer\">\n\t\t\t<div class=\"elementor-spacer-inner\"><\/div>\n\t\t<\/div>\n\t\t\t\t\t\t<\/div>\n\t\t\t\t<\/div>\n\t\t\t\t\t<\/div>\n\t\t<\/div>\n\t\t\t\t\t<\/div>\n\t\t<\/section>\n\t\t\t\t<section class=\"elementor-section elementor-top-section elementor-element elementor-element-232a5b2 elementor-section-boxed elementor-section-height-default elementor-section-height-default\" data-id=\"232a5b2\" data-element_type=\"section\">\n\t\t\t\t\t\t<div class=\"elementor-container elementor-column-gap-default\">\n\t\t\t\t\t<div class=\"elementor-column elementor-col-100 elementor-top-column elementor-element elementor-element-f87ac0a\" data-id=\"f87ac0a\" data-element_type=\"column\">\n\t\t\t<div class=\"elementor-widget-wrap elementor-element-populated\">\n\t\t\t\t\t\t<div class=\"elementor-element elementor-element-8f2c5ea elementor-widget elementor-widget-spacer\" data-id=\"8f2c5ea\" data-element_type=\"widget\" data-widget_type=\"spacer.default\">\n\t\t\t\t<div class=\"elementor-widget-container\">\n\t\t\t\t\t\t\t<div class=\"elementor-spacer\">\n\t\t\t<div class=\"elementor-spacer-inner\"><\/div>\n\t\t<\/div>\n\t\t\t\t\t\t<\/div>\n\t\t\t\t<\/div>\n\t\t\t\t\t<\/div>\n\t\t<\/div>\n\t\t\t\t\t<\/div>\n\t\t<\/section>\n\t\t\t\t<section class=\"elementor-section elementor-top-section elementor-element elementor-element-3b6cae9 elementor-section-boxed elementor-section-height-default elementor-section-height-default\" data-id=\"3b6cae9\" data-element_type=\"section\">\n\t\t\t\t\t\t<div class=\"elementor-container elementor-column-gap-default\">\n\t\t\t\t\t<div class=\"elementor-column elementor-col-100 elementor-top-column elementor-element elementor-element-93d95be\" data-id=\"93d95be\" data-element_type=\"column\">\n\t\t\t<div class=\"elementor-widget-wrap elementor-element-populated\">\n\t\t\t\t\t\t<div class=\"elementor-element elementor-element-97d35e7 elementor-widget elementor-widget-text-editor\" data-id=\"97d35e7\" data-element_type=\"widget\" data-widget_type=\"text-editor.default\">\n\t\t\t\t<div class=\"elementor-widget-container\">\n\t\t\t\t\t\t\t\t\t<p>Um<strong> an der Schweizer Meisterschaft<\/strong> <strong>und an<\/strong> <strong>internationalen Regatten<\/strong> teilnehmen zu k\u00f6nnen, m\u00fcssen einige administrative Klippen umschifft werden. Die untenstehenden Dokumente m\u00fcssen unbedingt vorhanden und korrekt sein. Bei Fragen wendest du dich ans <a href=\"https:\/\/fireball.ch\/index.php\/kontakte-2#sekr\"><i>swiss fireball<\/i> &#8211; Sekretariat<\/a>.<\/p>\t\t\t\t\t\t\t\t<\/div>\n\t\t\t\t<\/div>\n\t\t\t\t\t<\/div>\n\t\t<\/div>\n\t\t\t\t\t<\/div>\n\t\t<\/section>\n\t\t\t\t<section class=\"elementor-section elementor-top-section elementor-element elementor-element-57e22b5 elementor-section-boxed elementor-section-height-default elementor-section-height-default\" data-id=\"57e22b5\" data-element_type=\"section\">\n\t\t\t\t\t\t<div class=\"elementor-container elementor-column-gap-default\">\n\t\t\t\t\t<div class=\"elementor-column elementor-col-100 elementor-top-column elementor-element elementor-element-5c4319c\" data-id=\"5c4319c\" data-element_type=\"column\">\n\t\t\t<div class=\"elementor-widget-wrap elementor-element-populated\">\n\t\t\t\t\t\t<div class=\"elementor-element elementor-element-a1d28d5 elementor-widget elementor-widget-text-editor\" data-id=\"a1d28d5\" data-element_type=\"widget\" data-widget_type=\"text-editor.default\">\n\t\t\t\t<div class=\"elementor-widget-container\">\n\t\t\t\t\t\t\t\t\t<ul><li><b>Messbrief<\/b><br \/>Der Fireball muss von einem offiziellen Vermesser vermessen sein. Von ihm erh\u00e4lt man den Messbrief, der dann bei <a href=\"http:\/\/www.swiss-sailing.ch\" target=\"_blank\" rel=\"noopener\"><i>Swiss-Sailing<\/i><\/a> registriert wird. Neue Boote werden mit Vorteil inklusiv Messbrief gekauft. Beim Kauf von Occasionen unbedingt den Messbrief verlangen. Eigner\u00e4nderungen m\u00fcssen <a href=\"http:\/\/www.swiss-sailing.ch\" target=\"_blank\" rel=\"noopener\"><i>Swiss-Sailing<\/i><\/a> gemeldet werden.<br \/>Es hat sich bew\u00e4hrt, den Messbrief mehrfach zu kopieren und das Original sorgf\u00e4ltig aufzubewahren!<\/li><li><b>Certificate<\/b><br \/>Das Certificate ist die klasseninterne Best\u00e4tigung, dass ein Messbrief vorhanden ist. Es enth\u00e4lt: Angaben zum Eigner \/ Rumpfnummer \/ Rumpfgewicht und Ausgleichsgewicht \/ verwendete Segel \/ <i>FI<\/i> &#8211; Sticker &#8218;FEE PAID&#8216;.<br \/>Das Certificate wird vom <a href=\"https:\/\/fireball.ch\/index.php\/kontakte-2#sekr\"><i>swiss fireball<\/i> &#8211; Sekretariat<\/a> ausgestellt. Dazu muss der Messbrief vorgelegt werden. Das Certificate ist nur g\u00fcltig mit dem Namen des aktuellen Eigners!<\/li><li><b>Segelvermessung<\/b><br \/>Segel m\u00fcssen von einem offiziellen Vermesser kontrolliert und gestempelt sein (Identifikationsnummer des Vermessers lesbar!). Die vermessenen Segel werden ins Certificate eingetragen.<\/li><li><b>Mitgliedschaften<\/b><br \/>Auf einem SUI &#8211; Fireball muss eine Person an Bord <a href=\"https:\/\/fireball.ch\/index.php\/swiss-fireball-2\/beitrittserklarung\/\" target=\"_blank\" rel=\"noopener\">Aktiv-Mitglied bei <i>Swiss Fireball (SF)<\/i><\/a> sein. Dadurch ist man auch Mitglied bei <a href=\"http:\/\/www.fireball-international.com\" target=\"_blank\" rel=\"noopener\"><i>Fireball International (FI)<\/i><\/a>.<br \/>Vorschoter <b>und<\/b> Steuerperson m\u00fcssen Mitglieder bei einem Landesverband sein (f\u00fcr SUI-Boote ist das normalerweise <a href=\"http:\/\/www.swiss-sailing.ch\" target=\"_blank\" rel=\"noopener\"><i>Swiss-Sailing<\/i><\/a>), was durch die Mitgliedschaft in einem Segelclub gew\u00e4hrleistet ist oder eine g\u00fcltige Lizenz f\u00fcr den jeweiligen Anlass besitzen (vom organisierenden Club zu beziehen).<\/li><li><b>Versicherungen<\/b><br \/>Oft ist die <b>Best\u00e4tigung f\u00fcr eine bestehende Haftpflichtversicherung<\/b> \u00fcber eine Mindestsumme erforderlich.<\/li><\/ul>\t\t\t\t\t\t\t\t<\/div>\n\t\t\t\t<\/div>\n\t\t\t\t\t<\/div>\n\t\t<\/div>\n\t\t\t\t\t<\/div>\n\t\t<\/section>\n\t\t\t\t<section class=\"elementor-section elementor-top-section elementor-element elementor-element-4a56c46 elementor-section-boxed elementor-section-height-default elementor-section-height-default\" data-id=\"4a56c46\" data-element_type=\"section\">\n\t\t\t\t\t\t<div class=\"elementor-container elementor-column-gap-default\">\n\t\t\t\t\t<div class=\"elementor-column elementor-col-100 elementor-top-column elementor-element elementor-element-226ecdb\" data-id=\"226ecdb\" data-element_type=\"column\">\n\t\t\t<div class=\"elementor-widget-wrap elementor-element-populated\">\n\t\t\t\t\t\t<div class=\"elementor-element elementor-element-4858824 elementor-widget elementor-widget-html\" data-id=\"4858824\" data-element_type=\"widget\" data-widget_type=\"html.default\">\n\t\t\t\t<div class=\"elementor-widget-container\">\n\t\t\t\t\t<p style=\"text-align: center;\"><a href=\"#\">zur\u00fcck<\/a><\/p>\t\t\t\t<\/div>\n\t\t\t\t<\/div>\n\t\t\t\t\t<\/div>\n\t\t<\/div>\n\t\t\t\t\t<\/div>\n\t\t<\/section>\n\t\t\t\t<\/div>\n\t\t","protected":false},"excerpt":{"rendered":"<p>Um an der Schweizer Meisterschaft und an internationalen Regatten teilnehmen zu k\u00f6nnen, m\u00fcssen einige administrative Klippen umschifft werden. Die untenstehenden Dokumente m\u00fcssen unbedingt vorhanden und korrekt sein. Bei Fragen wendest du dich ans swiss fireball &#8211; Sekretariat. MessbriefDer Fireball muss von einem offiziellen Vermesser vermessen sein. Von ihm erh\u00e4lt man den Messbrief, der dann bei [&hellip;]<\/p>\n","protected":false},"author":1,"featured_media":0,"parent":35,"menu_order":5,"comment_status":"closed","ping_status":"closed","template":"","meta":{"site-sidebar-layout":"no-sidebar","site-content-layout":"page-builder","ast-site-content-layout":"full-width-container","site-content-style":"unboxed","site-sidebar-style":"unboxed","ast-global-header-display":"","ast-banner-title-visibility":"","ast-main-header-display":"","ast-hfb-above-header-display":"","ast-hfb-below-header-display":"","ast-hfb-mobile-header-display":"","site-post-title":"disabled","ast-breadcrumbs-content":"","ast-featured-img":"disabled","footer-sml-layout":"","theme-transparent-header-meta":"default","adv-header-id-meta":"","stick-header-meta":"","header-above-stick-meta":"","header-main-stick-meta":"","header-below-stick-meta":"","astra-migrate-meta-layouts":"set","ast-page-background-enabled":"default","ast-page-background-meta":{"desktop":{"background-color":"var(--ast-global-color-4)","background-image":"","background-repeat":"repeat","background-position":"center center","background-size":"auto","background-attachment":"scroll","background-type":"","background-media":"","overlay-type":"","overlay-color":"","overlay-opacity":"","overlay-gradient":""},"tablet":{"background-color":"","background-image":"","background-repeat":"repeat","background-position":"center center","background-size":"auto","background-attachment":"scroll","background-type":"","background-media":"","overlay-type":"","overlay-color":"","overlay-opacity":"","overlay-gradient":""},"mobile":{"background-color":"","background-image":"","background-repeat":"repeat","background-position":"center center","background-size":"auto","background-attachment":"scroll","background-type":"","background-media":"","overlay-type":"","overlay-color":"","overlay-opacity":"","overlay-gradient":""}},"ast-content-background-meta":{"desktop":{"background-color":"var(--ast-global-color-5)","background-image":"","background-repeat":"repeat","background-position":"center center","background-size":"auto","background-attachment":"scroll","background-type":"","background-media":"","overlay-type":"","overlay-color":"","overlay-opacity":"","overlay-gradient":""},"tablet":{"background-color":"var(--ast-global-color-5)","background-image":"","background-repeat":"repeat","background-position":"center center","background-size":"auto","background-attachment":"scroll","background-type":"","background-media":"","overlay-type":"","overlay-color":"","overlay-opacity":"","overlay-gradient":""},"mobile":{"background-color":"var(--ast-global-color-5)","background-image":"","background-repeat":"repeat","background-position":"center center","background-size":"auto","background-attachment":"scroll","background-type":"","background-media":"","overlay-type":"","overlay-color":"","overlay-opacity":"","overlay-gradient":""}},"footnotes":""},"class_list":["post-2495","page","type-page","status-publish","hentry"],"yoast_head":"<!-- This site is optimized with the Yoast SEO plugin v27.5 - https:\/\/yoast.com\/product\/yoast-seo-wordpress\/ -->\r\n<title>Lizenzen und Dokumente -<\/title>\r\n<meta name=\"robots\" content=\"index, follow, max-snippet:-1, max-image-preview:large, max-video-preview:-1\" \/>\r\n<link rel=\"canonical\" href=\"https:\/\/fireball.ch\/index.php\/regatta\/lizenzen-und-dakumente\/\" \/>\r\n<meta property=\"og:locale\" content=\"de_DE\" \/>\r\n<meta property=\"og:type\" content=\"article\" \/>\r\n<meta property=\"og:title\" content=\"Lizenzen und Dokumente -\" \/>\r\n<meta property=\"og:description\" content=\"Um an der Schweizer Meisterschaft und an internationalen Regatten teilnehmen zu k\u00f6nnen, m\u00fcssen einige administrative Klippen umschifft werden. Die untenstehenden Dokumente m\u00fcssen unbedingt vorhanden und korrekt sein. Bei Fragen wendest du dich ans swiss fireball &#8211; Sekretariat. MessbriefDer Fireball muss von einem offiziellen Vermesser vermessen sein. Von ihm erh\u00e4lt man den Messbrief, der dann bei [&hellip;]\" \/>\r\n<meta property=\"og:url\" content=\"https:\/\/fireball.ch\/index.php\/regatta\/lizenzen-und-dakumente\/\" \/>\r\n<meta property=\"article:modified_time\" content=\"2025-11-16T09:39:51+00:00\" \/>\r\n<meta property=\"og:image\" content=\"https:\/\/fireball.ch\/wp-content\/uploads\/2025\/11\/LIZENZEN-DOKUMENTE-2048x299.jpg\" \/>\r\n<meta name=\"twitter:card\" content=\"summary_large_image\" \/>\r\n<meta name=\"twitter:label1\" content=\"Gesch\u00e4tzte Lesezeit\" \/>\n\t<meta name=\"twitter:data1\" content=\"2\u00a0Minuten\" \/>\r\n<script type=\"application\/ld+json\" class=\"yoast-schema-graph\">{\"@context\":\"https:\\\/\\\/schema.org\",\"@graph\":[{\"@type\":\"WebPage\",\"@id\":\"https:\\\/\\\/fireball.ch\\\/index.php\\\/regatta\\\/lizenzen-und-dakumente\\\/\",\"url\":\"https:\\\/\\\/fireball.ch\\\/index.php\\\/regatta\\\/lizenzen-und-dakumente\\\/\",\"name\":\"Lizenzen und Dokumente -\",\"isPartOf\":{\"@id\":\"https:\\\/\\\/fireball.ch\\\/#website\"},\"primaryImageOfPage\":{\"@id\":\"https:\\\/\\\/fireball.ch\\\/index.php\\\/regatta\\\/lizenzen-und-dakumente\\\/#primaryimage\"},\"image\":{\"@id\":\"https:\\\/\\\/fireball.ch\\\/index.php\\\/regatta\\\/lizenzen-und-dakumente\\\/#primaryimage\"},\"thumbnailUrl\":\"https:\\\/\\\/fireball.ch\\\/wp-content\\\/uploads\\\/2025\\\/11\\\/LIZENZEN-DOKUMENTE-2048x299.jpg\",\"datePublished\":\"2021-02-05T16:05:37+00:00\",\"dateModified\":\"2025-11-16T09:39:51+00:00\",\"breadcrumb\":{\"@id\":\"https:\\\/\\\/fireball.ch\\\/index.php\\\/regatta\\\/lizenzen-und-dakumente\\\/#breadcrumb\"},\"inLanguage\":\"de\",\"potentialAction\":[{\"@type\":\"ReadAction\",\"target\":[\"https:\\\/\\\/fireball.ch\\\/index.php\\\/regatta\\\/lizenzen-und-dakumente\\\/\"]}]},{\"@type\":\"ImageObject\",\"inLanguage\":\"de\",\"@id\":\"https:\\\/\\\/fireball.ch\\\/index.php\\\/regatta\\\/lizenzen-und-dakumente\\\/#primaryimage\",\"url\":\"https:\\\/\\\/fireball.ch\\\/wp-content\\\/uploads\\\/2025\\\/11\\\/LIZENZEN-DOKUMENTE-scaled.jpg\",\"contentUrl\":\"https:\\\/\\\/fireball.ch\\\/wp-content\\\/uploads\\\/2025\\\/11\\\/LIZENZEN-DOKUMENTE-scaled.jpg\",\"width\":2560,\"height\":374},{\"@type\":\"BreadcrumbList\",\"@id\":\"https:\\\/\\\/fireball.ch\\\/index.php\\\/regatta\\\/lizenzen-und-dakumente\\\/#breadcrumb\",\"itemListElement\":[{\"@type\":\"ListItem\",\"position\":1,\"name\":\"Startseite\",\"item\":\"https:\\\/\\\/fireball.ch\\\/\"},{\"@type\":\"ListItem\",\"position\":2,\"name\":\"Regatta\",\"item\":\"https:\\\/\\\/fireball.ch\\\/index.php\\\/regatta\\\/\"},{\"@type\":\"ListItem\",\"position\":3,\"name\":\"Lizenzen und Dokumente\"}]},{\"@type\":\"WebSite\",\"@id\":\"https:\\\/\\\/fireball.ch\\\/#website\",\"url\":\"https:\\\/\\\/fireball.ch\\\/\",\"name\":\"Swiss Fireball\",\"description\":\"\",\"publisher\":{\"@id\":\"https:\\\/\\\/fireball.ch\\\/#organization\"},\"potentialAction\":[{\"@type\":\"SearchAction\",\"target\":{\"@type\":\"EntryPoint\",\"urlTemplate\":\"https:\\\/\\\/fireball.ch\\\/?s={search_term_string}\"},\"query-input\":{\"@type\":\"PropertyValueSpecification\",\"valueRequired\":true,\"valueName\":\"search_term_string\"}}],\"inLanguage\":\"de\"},{\"@type\":\"Organization\",\"@id\":\"https:\\\/\\\/fireball.ch\\\/#organization\",\"name\":\"Swiss Fireball\",\"url\":\"https:\\\/\\\/fireball.ch\\\/\",\"logo\":{\"@type\":\"ImageObject\",\"inLanguage\":\"de\",\"@id\":\"https:\\\/\\\/fireball.ch\\\/#\\\/schema\\\/logo\\\/image\\\/\",\"url\":\"https:\\\/\\\/fireball.ch\\\/wp-content\\\/uploads\\\/2021\\\/01\\\/cropped-logo_fireball.png\",\"contentUrl\":\"https:\\\/\\\/fireball.ch\\\/wp-content\\\/uploads\\\/2021\\\/01\\\/cropped-logo_fireball.png\",\"width\":220,\"height\":59,\"caption\":\"Swiss Fireball\"},\"image\":{\"@id\":\"https:\\\/\\\/fireball.ch\\\/#\\\/schema\\\/logo\\\/image\\\/\"}}]}<\/script>\r\n<!-- \/ Yoast SEO plugin. -->","yoast_head_json":{"title":"Lizenzen und Dokumente -","robots":{"index":"index","follow":"follow","max-snippet":"max-snippet:-1","max-image-preview":"max-image-preview:large","max-video-preview":"max-video-preview:-1"},"canonical":"https:\/\/fireball.ch\/index.php\/regatta\/lizenzen-und-dakumente\/","og_locale":"de_DE","og_type":"article","og_title":"Lizenzen und Dokumente -","og_description":"Um an der Schweizer Meisterschaft und an internationalen Regatten teilnehmen zu k\u00f6nnen, m\u00fcssen einige administrative Klippen umschifft werden. Die untenstehenden Dokumente m\u00fcssen unbedingt vorhanden und korrekt sein. Bei Fragen wendest du dich ans swiss fireball &#8211; Sekretariat. MessbriefDer Fireball muss von einem offiziellen Vermesser vermessen sein. Von ihm erh\u00e4lt man den Messbrief, der dann bei [&hellip;]","og_url":"https:\/\/fireball.ch\/index.php\/regatta\/lizenzen-und-dakumente\/","article_modified_time":"2025-11-16T09:39:51+00:00","og_image":[{"url":"https:\/\/fireball.ch\/wp-content\/uploads\/2025\/11\/LIZENZEN-DOKUMENTE-2048x299.jpg","type":"","width":"","height":""}],"twitter_card":"summary_large_image","twitter_misc":{"Gesch\u00e4tzte Lesezeit":"2\u00a0Minuten"},"schema":{"@context":"https:\/\/schema.org","@graph":[{"@type":"WebPage","@id":"https:\/\/fireball.ch\/index.php\/regatta\/lizenzen-und-dakumente\/","url":"https:\/\/fireball.ch\/index.php\/regatta\/lizenzen-und-dakumente\/","name":"Lizenzen und Dokumente -","isPartOf":{"@id":"https:\/\/fireball.ch\/#website"},"primaryImageOfPage":{"@id":"https:\/\/fireball.ch\/index.php\/regatta\/lizenzen-und-dakumente\/#primaryimage"},"image":{"@id":"https:\/\/fireball.ch\/index.php\/regatta\/lizenzen-und-dakumente\/#primaryimage"},"thumbnailUrl":"https:\/\/fireball.ch\/wp-content\/uploads\/2025\/11\/LIZENZEN-DOKUMENTE-2048x299.jpg","datePublished":"2021-02-05T16:05:37+00:00","dateModified":"2025-11-16T09:39:51+00:00","breadcrumb":{"@id":"https:\/\/fireball.ch\/index.php\/regatta\/lizenzen-und-dakumente\/#breadcrumb"},"inLanguage":"de","potentialAction":[{"@type":"ReadAction","target":["https:\/\/fireball.ch\/index.php\/regatta\/lizenzen-und-dakumente\/"]}]},{"@type":"ImageObject","inLanguage":"de","@id":"https:\/\/fireball.ch\/index.php\/regatta\/lizenzen-und-dakumente\/#primaryimage","url":"https:\/\/fireball.ch\/wp-content\/uploads\/2025\/11\/LIZENZEN-DOKUMENTE-scaled.jpg","contentUrl":"https:\/\/fireball.ch\/wp-content\/uploads\/2025\/11\/LIZENZEN-DOKUMENTE-scaled.jpg","width":2560,"height":374},{"@type":"BreadcrumbList","@id":"https:\/\/fireball.ch\/index.php\/regatta\/lizenzen-und-dakumente\/#breadcrumb","itemListElement":[{"@type":"ListItem","position":1,"name":"Startseite","item":"https:\/\/fireball.ch\/"},{"@type":"ListItem","position":2,"name":"Regatta","item":"https:\/\/fireball.ch\/index.php\/regatta\/"},{"@type":"ListItem","position":3,"name":"Lizenzen und Dokumente"}]},{"@type":"WebSite","@id":"https:\/\/fireball.ch\/#website","url":"https:\/\/fireball.ch\/","name":"Swiss Fireball","description":"","publisher":{"@id":"https:\/\/fireball.ch\/#organization"},"potentialAction":[{"@type":"SearchAction","target":{"@type":"EntryPoint","urlTemplate":"https:\/\/fireball.ch\/?s={search_term_string}"},"query-input":{"@type":"PropertyValueSpecification","valueRequired":true,"valueName":"search_term_string"}}],"inLanguage":"de"},{"@type":"Organization","@id":"https:\/\/fireball.ch\/#organization","name":"Swiss Fireball","url":"https:\/\/fireball.ch\/","logo":{"@type":"ImageObject","inLanguage":"de","@id":"https:\/\/fireball.ch\/#\/schema\/logo\/image\/","url":"https:\/\/fireball.ch\/wp-content\/uploads\/2021\/01\/cropped-logo_fireball.png","contentUrl":"https:\/\/fireball.ch\/wp-content\/uploads\/2021\/01\/cropped-logo_fireball.png","width":220,"height":59,"caption":"Swiss Fireball"},"image":{"@id":"https:\/\/fireball.ch\/#\/schema\/logo\/image\/"}}]}},"_links":{"self":[{"href":"https:\/\/fireball.ch\/index.php\/wp-json\/wp\/v2\/pages\/2495","targetHints":{"allow":["GET"]}}],"collection":[{"href":"https:\/\/fireball.ch\/index.php\/wp-json\/wp\/v2\/pages"}],"about":[{"href":"https:\/\/fireball.ch\/index.php\/wp-json\/wp\/v2\/types\/page"}],"author":[{"embeddable":true,"href":"https:\/\/fireball.ch\/index.php\/wp-json\/wp\/v2\/users\/1"}],"replies":[{"embeddable":true,"href":"https:\/\/fireball.ch\/index.php\/wp-json\/wp\/v2\/comments?post=2495"}],"version-history":[{"count":81,"href":"https:\/\/fireball.ch\/index.php\/wp-json\/wp\/v2\/pages\/2495\/revisions"}],"predecessor-version":[{"id":20439,"href":"https:\/\/fireball.ch\/index.php\/wp-json\/wp\/v2\/pages\/2495\/revisions\/20439"}],"up":[{"embeddable":true,"href":"https:\/\/fireball.ch\/index.php\/wp-json\/wp\/v2\/pages\/35"}],"wp:attachment":[{"href":"https:\/\/fireball.ch\/index.php\/wp-json\/wp\/v2\/media?parent=2495"}],"curies":[{"name":"wp","href":"https:\/\/api.w.org\/{rel}","templated":true}]}}