{"id":19036,"date":"2025-07-28T13:43:24","date_gmt":"2025-07-28T13:43:03","guid":{"rendered":"https:\/\/fireball.ch\/?page_id=19036"},"modified":"2025-07-29T07:14:22","modified_gmt":"2025-07-29T07:14:22","slug":"maccagno-2025","status":"publish","type":"page","link":"https:\/\/fireball.ch\/index.php\/regatta\/resultate-und-berichte\/maccagno-2025\/","title":{"rendered":"Maccagno 2025"},"content":{"rendered":"\t\t<div data-elementor-type=\"wp-page\" data-elementor-id=\"19036\" class=\"elementor elementor-19036\" data-elementor-post-type=\"page\">\n\t\t\t\t\t\t<section class=\"elementor-section elementor-top-section elementor-element elementor-element-f09bb20 elementor-section-full_width elementor-section-stretched elementor-section-height-default elementor-section-height-default\" data-id=\"f09bb20\" data-element_type=\"section\" data-settings=\"{&quot;stretch_section&quot;:&quot;section-stretched&quot;}\">\n\t\t\t\t\t\t<div class=\"elementor-container elementor-column-gap-default\">\n\t\t\t\t\t<div class=\"elementor-column elementor-col-100 elementor-top-column elementor-element elementor-element-1d86ee4\" data-id=\"1d86ee4\" data-element_type=\"column\">\n\t\t\t<div class=\"elementor-widget-wrap elementor-element-populated\">\n\t\t\t\t\t\t<div class=\"elementor-element elementor-element-337827b elementor-widget elementor-widget-image\" data-id=\"337827b\" data-element_type=\"widget\" data-widget_type=\"image.default\">\n\t\t\t\t<div class=\"elementor-widget-container\">\n\t\t\t\t\t\t\t\t\t\t\t\t\t\t\t<img fetchpriority=\"high\" decoding=\"async\" width=\"2048\" height=\"292\" src=\"https:\/\/fireball.ch\/wp-content\/uploads\/2021\/04\/Bericht-2048x292.png\" class=\"attachment-2048x2048 size-2048x2048 wp-image-7535\" alt=\"\" srcset=\"https:\/\/fireball.ch\/wp-content\/uploads\/2021\/04\/Bericht-2048x292.png 2048w, https:\/\/fireball.ch\/wp-content\/uploads\/2021\/04\/Bericht-300x43.png 300w, https:\/\/fireball.ch\/wp-content\/uploads\/2021\/04\/Bericht-1024x146.png 1024w, https:\/\/fireball.ch\/wp-content\/uploads\/2021\/04\/Bericht-768x109.png 768w, https:\/\/fireball.ch\/wp-content\/uploads\/2021\/04\/Bericht-1536x219.png 1536w\" sizes=\"(max-width: 2048px) 100vw, 2048px\" \/>\t\t\t\t\t\t\t\t\t\t\t\t\t\t\t<\/div>\n\t\t\t\t<\/div>\n\t\t\t\t\t<\/div>\n\t\t<\/div>\n\t\t\t\t\t<\/div>\n\t\t<\/section>\n\t\t\t\t<section class=\"elementor-section elementor-top-section elementor-element elementor-element-218a22d elementor-section-boxed elementor-section-height-default elementor-section-height-default\" data-id=\"218a22d\" data-element_type=\"section\">\n\t\t\t\t\t\t<div class=\"elementor-container elementor-column-gap-default\">\n\t\t\t\t\t<div class=\"elementor-column elementor-col-100 elementor-top-column elementor-element elementor-element-e88c154\" data-id=\"e88c154\" data-element_type=\"column\">\n\t\t\t<div class=\"elementor-widget-wrap elementor-element-populated\">\n\t\t\t\t\t\t<div class=\"elementor-element elementor-element-7250e78 elementor-widget elementor-widget-spacer\" data-id=\"7250e78\" data-element_type=\"widget\" data-widget_type=\"spacer.default\">\n\t\t\t\t<div class=\"elementor-widget-container\">\n\t\t\t\t\t\t\t<div class=\"elementor-spacer\">\n\t\t\t<div class=\"elementor-spacer-inner\"><\/div>\n\t\t<\/div>\n\t\t\t\t\t\t<\/div>\n\t\t\t\t<\/div>\n\t\t\t\t\t<\/div>\n\t\t<\/div>\n\t\t\t\t\t<\/div>\n\t\t<\/section>\n\t\t\t\t<section class=\"elementor-section elementor-top-section elementor-element elementor-element-36e1b65 elementor-section-boxed elementor-section-height-default elementor-section-height-default\" data-id=\"36e1b65\" data-element_type=\"section\">\n\t\t\t\t\t\t<div class=\"elementor-container elementor-column-gap-default\">\n\t\t\t\t\t<div class=\"elementor-column elementor-col-100 elementor-top-column elementor-element elementor-element-85a2a1c\" data-id=\"85a2a1c\" data-element_type=\"column\">\n\t\t\t<div class=\"elementor-widget-wrap\">\n\t\t\t\t\t\t\t<\/div>\n\t\t<\/div>\n\t\t\t\t\t<\/div>\n\t\t<\/section>\n\t\t\t\t<section class=\"elementor-section elementor-top-section elementor-element elementor-element-0c419cc elementor-section-boxed elementor-section-height-default elementor-section-height-default\" data-id=\"0c419cc\" data-element_type=\"section\">\n\t\t\t\t\t\t<div class=\"elementor-container elementor-column-gap-default\">\n\t\t\t\t\t<div class=\"elementor-column elementor-col-100 elementor-top-column elementor-element elementor-element-53bbc9a\" data-id=\"53bbc9a\" data-element_type=\"column\">\n\t\t\t<div class=\"elementor-widget-wrap elementor-element-populated\">\n\t\t\t\t\t\t<div class=\"elementor-element elementor-element-dce2f0d elementor-widget elementor-widget-heading\" data-id=\"dce2f0d\" data-element_type=\"widget\" data-widget_type=\"heading.default\">\n\t\t\t\t<div class=\"elementor-widget-container\">\n\t\t\t\t\t<h3 class=\"elementor-heading-title elementor-size-default\">SUI-ITA Cup Maccagno, 25. - 27.7.2025<\/h3>\t\t\t\t<\/div>\n\t\t\t\t<\/div>\n\t\t\t\t<div class=\"elementor-element elementor-element-c959b52 elementor-widget elementor-widget-text-editor\" data-id=\"c959b52\" data-element_type=\"widget\" data-widget_type=\"text-editor.default\">\n\t\t\t\t<div class=\"elementor-widget-container\">\n\t\t\t\t\t\t\t\t\t<p><strong><em>T\u00e4glich sch\u00f6ner werdendes Wetter, am Schluss Vollsommer. Guter Wind: Zwei Tage aus Nord, einer aus S\u00fcd. 18 Teams, 3 Nationen, davon 9 SUI.<br \/><\/em><\/strong><\/p>\t\t\t\t\t\t\t\t<\/div>\n\t\t\t\t<\/div>\n\t\t\t\t\t<\/div>\n\t\t<\/div>\n\t\t\t\t\t<\/div>\n\t\t<\/section>\n\t\t\t\t<section class=\"elementor-section elementor-top-section elementor-element elementor-element-173cf4b elementor-section-boxed elementor-section-height-default elementor-section-height-default\" data-id=\"173cf4b\" data-element_type=\"section\">\n\t\t\t\t\t\t<div class=\"elementor-container elementor-column-gap-default\">\n\t\t\t\t\t<div class=\"elementor-column elementor-col-100 elementor-top-column elementor-element elementor-element-bcd780a\" data-id=\"bcd780a\" data-element_type=\"column\">\n\t\t\t<div class=\"elementor-widget-wrap elementor-element-populated\">\n\t\t\t\t\t\t<div class=\"elementor-element elementor-element-b5bc6e5 elementor-widget elementor-widget-text-editor\" data-id=\"b5bc6e5\" data-element_type=\"widget\" data-widget_type=\"text-editor.default\">\n\t\t\t\t<div class=\"elementor-widget-container\">\n\t\t\t\t\t\t\t\t\t<p>Wer schon am Donnerstagnachmittag angereist war, erlebte Weltuntergang: Ein heftiges Gewitter mit l\u00e4ngerem Sturm und Hagel durchl\u00f6cherte Bl\u00e4tter, holte \u00c4ste von den B\u00e4umen, f\u00fchrte zu \u00fcberschwemmten Strassen und Sturzb\u00e4chen, sogar durch die Decke des Supermercato. Es gab aber im Parco Giona keine umgest\u00fcrzten B\u00e4ume.<br \/>Bis im Lauf des Freitagmorgens regnete es leicht weiter. Der m\u00e4ssige Nordwind lichtete die Wolken etwas und im Lauf des Nachmittags waren zwei Trainingswettfahrten m\u00f6glich. Novum beim UVM: Robo-Bojen. Wegen dem vielem kleinen Treibgut im Wasser verstopfte sich der Antrieb von einer, da waren&#8217;s nur noch zwei.\u00a0<br \/>Am Samstag tr\u00f6pfelte es ab und zu bei Nordwind. Beim Skippersmeeting am Mittag blies immer noch Nordwind und man glaubte, es w\u00fcrde so bleiben. Nach dem Auslaufen gegen Eins starb dieser aber sehr schnell. Immer noch sehr wolkenverhangen sah es gar nicht nach neuem Wind aus. Aber wie aus dem Nichts kam der \u00fcbliche Strich aus S\u00fcden und baute sich zu einer normalen 3-4 Bft. Brise auf. Toll.<br \/>Von der Wasserverfachtung nach S\u00fcden vom\u00a0 vergangenen Donnerstag-Sturm und dem verbleibenden Nordwind durch die ganz Nacht hatte sich nun eine recht starke S\u00fcd-Nord-Str\u00f6mung von etwa 15-20 m\/Min. aufgebaut. Das musste sehr in die Strategie eingebaut werden, besonders auch beim Starten. Da alle 3 Robo-Bojen wieder einsatzbereit waren, wurde ein Dreieck-Banane-Kurs mit Raumschot-Zieleinlauf gesetzt.<br \/>Obwohl der Wind wie &#8218;\u00fcblich&#8216; aussah, der eigentlich rechts fahren belohnt, kamen die F\u00fchrenden auf der ersten Kreuz von links. Sie profitierten von einem satten Lift auf ihrer Seite. Dragnino\/P. Capizzi rundeten knapp vor Berescia\/Vulcanile und etwas dahinter Mermod\/Moser. Auf dem Dreieck \u00e4nderte sich nichts, die Str\u00f6mung machte es aber nicht leicht, die optimale H\u00f6he vorallem auf dem zweiten Schenkel zu finden. Mermod\/Moser gelang das am besten und rundeten das Leefass schliesslich knapp vor den beiden ITAs. Da die folgende Kreuz fast zum Anlieger mutierte, war es f\u00fcr sie leicht, die Verfolger zu kontrollieren und auf dem Vorwinder schob die Str\u00f6mung direkt von hinten und \u00dcberholen war nicht m\u00f6glich.<br \/>Im 2. Rennen \u00e4nderte sich die Lage leicht, mit mehr Hin- und Herdrehern. Im Bestreben beide Seiten zu kontrollieren hatten Mermod\/Moser das Nachsehen. Wieder Dragnino\/P. Capizzi von links und Ch. H\u00e4rdi\/Landerer von rechts waren zuerst an der Luvmarke. Die Italiener wurden schon auf dem spitzen\u00a0 1. Spikurs \u00fcberholt. Ch. H\u00e4rdi\/Landerer C. kenterten in F\u00fchrung liegend kurz nach der Leeboje beim Rakeverstellen und schon wieder waren Mermod\/Moser vorbei und sp\u00e4ter zuerst im Ziel.<br \/>Zum dritten Rennen liess die Windst\u00e4rke merklich nach. Die die meisten setzten nach dem Start auf die rechte Seite. Mermod\/Moser glaubten an mehr Wind links. Beim Kreuzen der f\u00fchrenden Rechtsfahrenden Landerer R.\/Horvath ein St\u00fcck vor der Boje hatten sie schon einen Vorsprung. Diesen verwalteten sie bei nun schnell weniger werdendem Wind auf dem Weg zum Leefass, das zum Abk\u00fcrzungsziel wurde. F\u00fcr die Teams im hinteren Teil des Feldes wurde die Strecke zur Tortur. Lediglich die Str\u00f6mung brachte sie n\u00e4her zum Ziel. Bei den letzten drehte der Wind sogar noch auf Nord.<br \/>Auf diesen Nordwind setzte die Wettfahrtleitung denn auch f\u00fcr einen letzten Lauf des Tages und hisste lediglich AP.\u00a0 Durch die Str\u00f6mung war es\u00a0 schwierig sich in der N\u00e4he des Startschiffs zu halten, zu leicht war der Wind. Sp\u00e4ter wurde zu AP Follow me gesetzt, um zu signalisieren, sich auf den Weg\u00a0 s\u00fcdw\u00e4rts Richtung Maccagno zu begeben, gegen die Str\u00f6mung. Trotz gesetzten Spis gab es nur wenig Fortschritt \u00fcber Grund. Auf etwa halber Distanz wurden wir von den begleitenden Schlauchbooten eingesammelt und zum Strand zur\u00fcck geschleppt. Es war offensichtlich, dass kein weiterer Lauf mehr m\u00f6glich sein w\u00fcrde.<\/p><p>Da am Sonntagmorgen st\u00e4rkerer Nordwind zu erwarten war, wurde der erste Start auf 8 Uhr angesetzt. Freude herrschte bei den einen, bei anderen weniger&#8230;<br \/>Zuerst aber genossen die SUI Teams im Restaurant Concordia das Nachtessen, alles nach individuellem Geschmack.<\/p><p>Beim fr\u00fchen Aufstehen hatte es wirklich Schaumkronen auf dem See, gut 4 Bft. zum Beginnen, sp\u00e4ter etwas abnehmend. Von der EM im vergangenen Sommer wussten alle, dass\u00a0 links fahren bis zum Anlieger die Strategie sein musste. Lediglich das richtige Einsch\u00e4tzen des Anliegers war die delikate Angelegenheit. Im ersten Rennen gelang das L. Markwalder\/Frey am besten und holten den Bergpreis vor Dagnino\/P. Capizzi.\u00a0 Mermod\/Moser hatten den Spi schneller oben und zogen unten durch vorbei. Sie fischten wie schon auf der Kreuz unterwegs nochmal Treibgut mit dem Ruder, das sie stark bremste. Es musste weg. Dabei kenterten sie beinahe, blieben aber vor Brescia\/Vulcanile und setzten sich im weiteren Verlauf wieder von ihnen ab. Ch. H\u00e4rdi\/Landerer C. schafften es als Zweite ins Ziel vor Dagnino\/P. Capizzi. In den folgenden 3 L\u00e4ufen f\u00fchrten Mermod\/Moser vom Start bis ins Ziel, meist vor Brescia\/Vulcanile und Dragnino\/P. Capizzi. L. Markwalder\/Frey holten sich noch einen 3. und Ch. H\u00e4rdi\/Landerer C. einen weiteren 2. Platz. Der Letzte Lauf wurde wegen absterbendem Wind vorsorglich an der Leeboje abgek\u00fcrzt.<br \/>So war das Rennprogramm schon vor Mittag absolviert. Wer wollte, konnte sich schon fr\u00fch am Nachmittag auf den Heimweg machen, andere liessen es sich noch bei Gelati gut gehen.<br \/>Der R\u00fcckweg in den regnerischen Norden durch den San Bernardino Tunnel ging praktisch staulos, am Gotthard bildete sich \u00fcber l\u00e4ngere Zeit 4 km Kolonne.<\/p><p>Danke dem UVM f\u00fcr Gastfreundschaft und die offenbar schwieriger gewordene Organisation. Wir kommen gerne wieder. Hoffentlich zahlreicher!<\/p><p style=\"text-align: center;\"><strong>Fotos von:<\/strong> <strong><a href=\"https:\/\/www.vet-sailing.ch\/Fireball\/Maccagno%202025\/index.html\" target=\"_blank\" rel=\"noopener\">Urs H\u00e4rdi<\/a> | <a href=\"https:\/\/photos.app.goo.gl\/8hvwHUsx8JpuFPZT6\" target=\"_blank\" rel=\"noopener\">Piero <\/a><\/strong>(UVM)<\/p><p style=\"text-align: center;\"><strong>Rangliste<br \/><\/strong>18 Teams, 3 Nationen (SUI,FRA,ITA), 7 L\u00e4ufe, 1 Streicher, Wind S 4-1, N 4-2<\/p><p><img decoding=\"async\" class=\"wp-image-19037 size-full aligncenter\" src=\"https:\/\/fireball.ch\/wp-content\/uploads\/2025\/07\/2025-Maccagno-RL.jpg\" alt=\"\" width=\"622\" height=\"860\" srcset=\"https:\/\/fireball.ch\/wp-content\/uploads\/2025\/07\/2025-Maccagno-RL.jpg 622w, https:\/\/fireball.ch\/wp-content\/uploads\/2025\/07\/2025-Maccagno-RL-217x300.jpg 217w\" sizes=\"(max-width: 622px) 100vw, 622px\" \/><\/p>\t\t\t\t\t\t\t\t<\/div>\n\t\t\t\t<\/div>\n\t\t\t\t\t<\/div>\n\t\t<\/div>\n\t\t\t\t\t<\/div>\n\t\t<\/section>\n\t\t\t\t<\/div>\n\t\t","protected":false},"excerpt":{"rendered":"<p>SUI-ITA Cup Maccagno, 25. &#8211; 27.7.2025 T\u00e4glich sch\u00f6ner werdendes Wetter, am Schluss Vollsommer. Guter Wind: Zwei Tage aus Nord, einer aus S\u00fcd. 18 Teams, 3 Nationen, davon 9 SUI. Wer schon am Donnerstagnachmittag angereist war, erlebte Weltuntergang: Ein heftiges Gewitter mit l\u00e4ngerem Sturm und Hagel durchl\u00f6cherte Bl\u00e4tter, holte \u00c4ste von den B\u00e4umen, f\u00fchrte zu \u00fcberschwemmten [&hellip;]<\/p>\n","protected":false},"author":3,"featured_media":0,"parent":555,"menu_order":26,"comment_status":"closed","ping_status":"closed","template":"","meta":{"site-sidebar-layout":"no-sidebar","site-content-layout":"page-builder","ast-site-content-layout":"default","site-content-style":"default","site-sidebar-style":"default","ast-global-header-display":"","ast-banner-title-visibility":"","ast-main-header-display":"","ast-hfb-above-header-display":"","ast-hfb-below-header-display":"","ast-hfb-mobile-header-display":"","site-post-title":"disabled","ast-breadcrumbs-content":"","ast-featured-img":"disabled","footer-sml-layout":"","theme-transparent-header-meta":"default","adv-header-id-meta":"","stick-header-meta":"","header-above-stick-meta":"","header-main-stick-meta":"","header-below-stick-meta":"","astra-migrate-meta-layouts":"default","ast-page-background-enabled":"default","ast-page-background-meta":{"desktop":{"background-color":"var(--ast-global-color-4)","background-image":"","background-repeat":"repeat","background-position":"center center","background-size":"auto","background-attachment":"scroll","background-type":"","background-media":"","overlay-type":"","overlay-color":"","overlay-opacity":"","overlay-gradient":""},"tablet":{"background-color":"","background-image":"","background-repeat":"repeat","background-position":"center center","background-size":"auto","background-attachment":"scroll","background-type":"","background-media":"","overlay-type":"","overlay-color":"","overlay-opacity":"","overlay-gradient":""},"mobile":{"background-color":"","background-image":"","background-repeat":"repeat","background-position":"center center","background-size":"auto","background-attachment":"scroll","background-type":"","background-media":"","overlay-type":"","overlay-color":"","overlay-opacity":"","overlay-gradient":""}},"ast-content-background-meta":{"desktop":{"background-color":"var(--ast-global-color-5)","background-image":"","background-repeat":"repeat","background-position":"center center","background-size":"auto","background-attachment":"scroll","background-type":"","background-media":"","overlay-type":"","overlay-color":"","overlay-opacity":"","overlay-gradient":""},"tablet":{"background-color":"var(--ast-global-color-5)","background-image":"","background-repeat":"repeat","background-position":"center center","background-size":"auto","background-attachment":"scroll","background-type":"","background-media":"","overlay-type":"","overlay-color":"","overlay-opacity":"","overlay-gradient":""},"mobile":{"background-color":"var(--ast-global-color-5)","background-image":"","background-repeat":"repeat","background-position":"center center","background-size":"auto","background-attachment":"scroll","background-type":"","background-media":"","overlay-type":"","overlay-color":"","overlay-opacity":"","overlay-gradient":""}},"footnotes":""},"class_list":["post-19036","page","type-page","status-publish","hentry"],"yoast_head":"<!-- This site is optimized with the Yoast SEO plugin v27.5 - https:\/\/yoast.com\/product\/yoast-seo-wordpress\/ -->\r\n<title>Maccagno 2025 -<\/title>\r\n<meta name=\"robots\" content=\"index, follow, max-snippet:-1, max-image-preview:large, max-video-preview:-1\" \/>\r\n<link rel=\"canonical\" href=\"https:\/\/fireball.ch\/index.php\/regatta\/resultate-und-berichte\/maccagno-2025\/\" \/>\r\n<meta property=\"og:locale\" content=\"de_DE\" \/>\r\n<meta property=\"og:type\" content=\"article\" \/>\r\n<meta property=\"og:title\" content=\"Maccagno 2025 -\" \/>\r\n<meta property=\"og:description\" content=\"SUI-ITA Cup Maccagno, 25. &#8211; 27.7.2025 T\u00e4glich sch\u00f6ner werdendes Wetter, am Schluss Vollsommer. Guter Wind: Zwei Tage aus Nord, einer aus S\u00fcd. 18 Teams, 3 Nationen, davon 9 SUI. Wer schon am Donnerstagnachmittag angereist war, erlebte Weltuntergang: Ein heftiges Gewitter mit l\u00e4ngerem Sturm und Hagel durchl\u00f6cherte Bl\u00e4tter, holte \u00c4ste von den B\u00e4umen, f\u00fchrte zu \u00fcberschwemmten [&hellip;]\" \/>\r\n<meta property=\"og:url\" content=\"https:\/\/fireball.ch\/index.php\/regatta\/resultate-und-berichte\/maccagno-2025\/\" \/>\r\n<meta property=\"article:modified_time\" content=\"2025-07-29T07:14:22+00:00\" \/>\r\n<meta property=\"og:image\" content=\"https:\/\/fireball.ch\/wp-content\/uploads\/2021\/04\/Bericht.png\" \/>\r\n\t<meta property=\"og:image:width\" content=\"2845\" \/>\r\n\t<meta property=\"og:image:height\" content=\"405\" \/>\r\n\t<meta property=\"og:image:type\" content=\"image\/png\" \/>\r\n<meta name=\"twitter:card\" content=\"summary_large_image\" \/>\r\n<meta name=\"twitter:label1\" content=\"Gesch\u00e4tzte Lesezeit\" \/>\n\t<meta name=\"twitter:data1\" content=\"6\u00a0Minuten\" \/>\r\n<script type=\"application\/ld+json\" class=\"yoast-schema-graph\">{\"@context\":\"https:\\\/\\\/schema.org\",\"@graph\":[{\"@type\":\"WebPage\",\"@id\":\"https:\\\/\\\/fireball.ch\\\/index.php\\\/regatta\\\/resultate-und-berichte\\\/maccagno-2025\\\/\",\"url\":\"https:\\\/\\\/fireball.ch\\\/index.php\\\/regatta\\\/resultate-und-berichte\\\/maccagno-2025\\\/\",\"name\":\"Maccagno 2025 -\",\"isPartOf\":{\"@id\":\"https:\\\/\\\/fireball.ch\\\/#website\"},\"primaryImageOfPage\":{\"@id\":\"https:\\\/\\\/fireball.ch\\\/index.php\\\/regatta\\\/resultate-und-berichte\\\/maccagno-2025\\\/#primaryimage\"},\"image\":{\"@id\":\"https:\\\/\\\/fireball.ch\\\/index.php\\\/regatta\\\/resultate-und-berichte\\\/maccagno-2025\\\/#primaryimage\"},\"thumbnailUrl\":\"https:\\\/\\\/fireball.ch\\\/wp-content\\\/uploads\\\/2021\\\/04\\\/Bericht-2048x292.png\",\"datePublished\":\"2025-07-28T13:43:03+00:00\",\"dateModified\":\"2025-07-29T07:14:22+00:00\",\"breadcrumb\":{\"@id\":\"https:\\\/\\\/fireball.ch\\\/index.php\\\/regatta\\\/resultate-und-berichte\\\/maccagno-2025\\\/#breadcrumb\"},\"inLanguage\":\"de\",\"potentialAction\":[{\"@type\":\"ReadAction\",\"target\":[\"https:\\\/\\\/fireball.ch\\\/index.php\\\/regatta\\\/resultate-und-berichte\\\/maccagno-2025\\\/\"]}]},{\"@type\":\"ImageObject\",\"inLanguage\":\"de\",\"@id\":\"https:\\\/\\\/fireball.ch\\\/index.php\\\/regatta\\\/resultate-und-berichte\\\/maccagno-2025\\\/#primaryimage\",\"url\":\"https:\\\/\\\/fireball.ch\\\/wp-content\\\/uploads\\\/2021\\\/04\\\/Bericht.png\",\"contentUrl\":\"https:\\\/\\\/fireball.ch\\\/wp-content\\\/uploads\\\/2021\\\/04\\\/Bericht.png\",\"width\":2845,\"height\":405},{\"@type\":\"BreadcrumbList\",\"@id\":\"https:\\\/\\\/fireball.ch\\\/index.php\\\/regatta\\\/resultate-und-berichte\\\/maccagno-2025\\\/#breadcrumb\",\"itemListElement\":[{\"@type\":\"ListItem\",\"position\":1,\"name\":\"Startseite\",\"item\":\"https:\\\/\\\/fireball.ch\\\/\"},{\"@type\":\"ListItem\",\"position\":2,\"name\":\"Regatta\",\"item\":\"https:\\\/\\\/fireball.ch\\\/index.php\\\/regatta\\\/\"},{\"@type\":\"ListItem\",\"position\":3,\"name\":\"Resultate und Berichte\",\"item\":\"https:\\\/\\\/fireball.ch\\\/index.php\\\/regatta\\\/resultate-und-berichte\\\/\"},{\"@type\":\"ListItem\",\"position\":4,\"name\":\"Maccagno 2025\"}]},{\"@type\":\"WebSite\",\"@id\":\"https:\\\/\\\/fireball.ch\\\/#website\",\"url\":\"https:\\\/\\\/fireball.ch\\\/\",\"name\":\"Swiss Fireball\",\"description\":\"\",\"publisher\":{\"@id\":\"https:\\\/\\\/fireball.ch\\\/#organization\"},\"potentialAction\":[{\"@type\":\"SearchAction\",\"target\":{\"@type\":\"EntryPoint\",\"urlTemplate\":\"https:\\\/\\\/fireball.ch\\\/?s={search_term_string}\"},\"query-input\":{\"@type\":\"PropertyValueSpecification\",\"valueRequired\":true,\"valueName\":\"search_term_string\"}}],\"inLanguage\":\"de\"},{\"@type\":\"Organization\",\"@id\":\"https:\\\/\\\/fireball.ch\\\/#organization\",\"name\":\"Swiss Fireball\",\"url\":\"https:\\\/\\\/fireball.ch\\\/\",\"logo\":{\"@type\":\"ImageObject\",\"inLanguage\":\"de\",\"@id\":\"https:\\\/\\\/fireball.ch\\\/#\\\/schema\\\/logo\\\/image\\\/\",\"url\":\"https:\\\/\\\/fireball.ch\\\/wp-content\\\/uploads\\\/2021\\\/01\\\/cropped-logo_fireball.png\",\"contentUrl\":\"https:\\\/\\\/fireball.ch\\\/wp-content\\\/uploads\\\/2021\\\/01\\\/cropped-logo_fireball.png\",\"width\":220,\"height\":59,\"caption\":\"Swiss Fireball\"},\"image\":{\"@id\":\"https:\\\/\\\/fireball.ch\\\/#\\\/schema\\\/logo\\\/image\\\/\"}}]}<\/script>\r\n<!-- \/ Yoast SEO plugin. -->","yoast_head_json":{"title":"Maccagno 2025 -","robots":{"index":"index","follow":"follow","max-snippet":"max-snippet:-1","max-image-preview":"max-image-preview:large","max-video-preview":"max-video-preview:-1"},"canonical":"https:\/\/fireball.ch\/index.php\/regatta\/resultate-und-berichte\/maccagno-2025\/","og_locale":"de_DE","og_type":"article","og_title":"Maccagno 2025 -","og_description":"SUI-ITA Cup Maccagno, 25. &#8211; 27.7.2025 T\u00e4glich sch\u00f6ner werdendes Wetter, am Schluss Vollsommer. Guter Wind: Zwei Tage aus Nord, einer aus S\u00fcd. 18 Teams, 3 Nationen, davon 9 SUI. Wer schon am Donnerstagnachmittag angereist war, erlebte Weltuntergang: Ein heftiges Gewitter mit l\u00e4ngerem Sturm und Hagel durchl\u00f6cherte Bl\u00e4tter, holte \u00c4ste von den B\u00e4umen, f\u00fchrte zu \u00fcberschwemmten [&hellip;]","og_url":"https:\/\/fireball.ch\/index.php\/regatta\/resultate-und-berichte\/maccagno-2025\/","article_modified_time":"2025-07-29T07:14:22+00:00","og_image":[{"width":2845,"height":405,"url":"https:\/\/fireball.ch\/wp-content\/uploads\/2021\/04\/Bericht.png","type":"image\/png"}],"twitter_card":"summary_large_image","twitter_misc":{"Gesch\u00e4tzte Lesezeit":"6\u00a0Minuten"},"schema":{"@context":"https:\/\/schema.org","@graph":[{"@type":"WebPage","@id":"https:\/\/fireball.ch\/index.php\/regatta\/resultate-und-berichte\/maccagno-2025\/","url":"https:\/\/fireball.ch\/index.php\/regatta\/resultate-und-berichte\/maccagno-2025\/","name":"Maccagno 2025 -","isPartOf":{"@id":"https:\/\/fireball.ch\/#website"},"primaryImageOfPage":{"@id":"https:\/\/fireball.ch\/index.php\/regatta\/resultate-und-berichte\/maccagno-2025\/#primaryimage"},"image":{"@id":"https:\/\/fireball.ch\/index.php\/regatta\/resultate-und-berichte\/maccagno-2025\/#primaryimage"},"thumbnailUrl":"https:\/\/fireball.ch\/wp-content\/uploads\/2021\/04\/Bericht-2048x292.png","datePublished":"2025-07-28T13:43:03+00:00","dateModified":"2025-07-29T07:14:22+00:00","breadcrumb":{"@id":"https:\/\/fireball.ch\/index.php\/regatta\/resultate-und-berichte\/maccagno-2025\/#breadcrumb"},"inLanguage":"de","potentialAction":[{"@type":"ReadAction","target":["https:\/\/fireball.ch\/index.php\/regatta\/resultate-und-berichte\/maccagno-2025\/"]}]},{"@type":"ImageObject","inLanguage":"de","@id":"https:\/\/fireball.ch\/index.php\/regatta\/resultate-und-berichte\/maccagno-2025\/#primaryimage","url":"https:\/\/fireball.ch\/wp-content\/uploads\/2021\/04\/Bericht.png","contentUrl":"https:\/\/fireball.ch\/wp-content\/uploads\/2021\/04\/Bericht.png","width":2845,"height":405},{"@type":"BreadcrumbList","@id":"https:\/\/fireball.ch\/index.php\/regatta\/resultate-und-berichte\/maccagno-2025\/#breadcrumb","itemListElement":[{"@type":"ListItem","position":1,"name":"Startseite","item":"https:\/\/fireball.ch\/"},{"@type":"ListItem","position":2,"name":"Regatta","item":"https:\/\/fireball.ch\/index.php\/regatta\/"},{"@type":"ListItem","position":3,"name":"Resultate und Berichte","item":"https:\/\/fireball.ch\/index.php\/regatta\/resultate-und-berichte\/"},{"@type":"ListItem","position":4,"name":"Maccagno 2025"}]},{"@type":"WebSite","@id":"https:\/\/fireball.ch\/#website","url":"https:\/\/fireball.ch\/","name":"Swiss Fireball","description":"","publisher":{"@id":"https:\/\/fireball.ch\/#organization"},"potentialAction":[{"@type":"SearchAction","target":{"@type":"EntryPoint","urlTemplate":"https:\/\/fireball.ch\/?s={search_term_string}"},"query-input":{"@type":"PropertyValueSpecification","valueRequired":true,"valueName":"search_term_string"}}],"inLanguage":"de"},{"@type":"Organization","@id":"https:\/\/fireball.ch\/#organization","name":"Swiss Fireball","url":"https:\/\/fireball.ch\/","logo":{"@type":"ImageObject","inLanguage":"de","@id":"https:\/\/fireball.ch\/#\/schema\/logo\/image\/","url":"https:\/\/fireball.ch\/wp-content\/uploads\/2021\/01\/cropped-logo_fireball.png","contentUrl":"https:\/\/fireball.ch\/wp-content\/uploads\/2021\/01\/cropped-logo_fireball.png","width":220,"height":59,"caption":"Swiss Fireball"},"image":{"@id":"https:\/\/fireball.ch\/#\/schema\/logo\/image\/"}}]}},"_links":{"self":[{"href":"https:\/\/fireball.ch\/index.php\/wp-json\/wp\/v2\/pages\/19036","targetHints":{"allow":["GET"]}}],"collection":[{"href":"https:\/\/fireball.ch\/index.php\/wp-json\/wp\/v2\/pages"}],"about":[{"href":"https:\/\/fireball.ch\/index.php\/wp-json\/wp\/v2\/types\/page"}],"author":[{"embeddable":true,"href":"https:\/\/fireball.ch\/index.php\/wp-json\/wp\/v2\/users\/3"}],"replies":[{"embeddable":true,"href":"https:\/\/fireball.ch\/index.php\/wp-json\/wp\/v2\/comments?post=19036"}],"version-history":[{"count":16,"href":"https:\/\/fireball.ch\/index.php\/wp-json\/wp\/v2\/pages\/19036\/revisions"}],"predecessor-version":[{"id":19095,"href":"https:\/\/fireball.ch\/index.php\/wp-json\/wp\/v2\/pages\/19036\/revisions\/19095"}],"up":[{"embeddable":true,"href":"https:\/\/fireball.ch\/index.php\/wp-json\/wp\/v2\/pages\/555"}],"wp:attachment":[{"href":"https:\/\/fireball.ch\/index.php\/wp-json\/wp\/v2\/media?parent=19036"}],"curies":[{"name":"wp","href":"https:\/\/api.w.org\/{rel}","templated":true}]}}